
Is 10493033 prime?
True
Is 79187669 a composite number?
True
Is 4893491 composite?
False
Is 13224781 a prime number?
False
Is 3732649 a prime number?
True
Is 5048539 a composite number?
True
Is 1367941 a composite number?
True
Is 7512041 composite?
False
Is 296835501 prime?
False
Is 6273271 a composite number?
False
Is 2044697 a composite number?
False
Is 217621 a composite number?
True
Is 17868733 prime?
True
Is 85670719 a prime number?
True
Is 10387079 composite?
False
Is 526993 a prime number?
True
Is 4236779 composite?
False
Is 237398849 prime?
True
Is 5953351 a composite number?
False
Is 66556927 prime?
True
Is 6694463 a composite number?
False
Is 86948371 prime?
True
Is 8705387 a composite number?
True
Is 4884821 composite?
False
Is 25009241 prime?
True
Is 80778479 a composite number?
False
Is 4325851 a prime number?
True
Is 125564719 a composite number?
True
Is 42258197 a composite number?
False
Is 4864843 composite?
False
Is 10322771 composite?
True
Is 339104669 a prime number?
True
Is 6825041 a prime number?
False
Is 38803187 a composite number?
True
Is 38096059 a prime number?
True
Is 35735861 prime?
False
Is 324828417 composite?
True
Is 583530589 composite?
True
Is 15876101 composite?
False
Is 4551031 composite?
True
Is 9411613 prime?
False
Is 5080297 prime?
False
Is 12911677 composite?
True
Is 75590761 prime?
False
Is 2226491 prime?
False
Is 41158777 prime?
False
Is 21641383 composite?
True
Is 4542493 a prime number?
False
Is 2309341 a prime number?
True
Is 417827 a composite number?
True
Is 61822239 composite?
True
Is 386945263 a composite number?
True
Is 1013197 a composite number?
False
Is 356630523 composite?
True
Is 108301 composite?
False
Is 86772841 prime?
False
Is 1625277 a prime number?
False
Is 16311571 composite?
False
Is 86888902 a composite number?
True
Is 2531 a composite number?
False
Is 102104791 composite?
False
Is 81685007 a prime number?
False
Is 49437727 prime?
False
Is 5175239 a prime number?
False
Is 38011 prime?
True
Is 61946065 composite?
True
Is 20342957 a prime number?
True
Is 26493267 a prime number?
False
Is 93653099 composite?
True
Is 239653 a prime number?
False
Is 86352869 a composite number?
False
Is 535193 prime?
True
Is 85848359 a composite number?
False
Is 40571803 prime?
False
Is 3599273 composite?
True
Is 355731097 a composite number?
False
Is 61999261 a prime number?
False
Is 165933577 a prime number?
True
Is 7957463 prime?
True
Is 151521037 composite?
False
Is 67868543 prime?
True
Is 865201 a prime number?
True
Is 6305777 prime?
False
Is 364801 a prime number?
True
Is 13009603 prime?
False
Is 271916285 prime?
False
Is 18397193 composite?
False
Is 46026953 a prime number?
False
Is 232501223 a prime number?
True
Is 668747 prime?
True
Is 6723599 prime?
False
Is 6215777 composite?
True
Is 806473 a prime number?
False
Is 20362271 a prime number?
True
Is 129651913 prime?
True
Is 86342401 a prime number?
False
Is 172553189 a composite number?
False
Is 2178983 prime?
True
Is 170075053 composite?
True
Is 512762149 a prime number?
True
Is 8127109 prime?
False
Is 13867369 a composite number?
False
Is 23312207 a prime number?
False
Is 82660529 a prime number?
False
Is 233716999 a prime number?
False
Is 387297199 prime?
False
Is 12797461 composite?
True
Is 55261421 composite?
False
Is 16098583 a composite number?
False
Is 831023 prime?
True
Is 15869162 a composite number?
True
Is 77478857 prime?
True
Is 249335431 a prime number?
True
Is 11403989 a composite number?
True
Is 12453319 prime?
True
Is 24173171 a composite number?
True
Is 538193913 a prime number?
False
Is 1501193 composite?
False
Is 77007783 a composite number?
True
Is 335558557 composite?
True
Is 585969641 a composite number?
True
Is 122212259 prime?
False
Is 7225661 composite?
False
Is 1075957 prime?
True
Is 446312023 prime?
True
Is 349906201 a prime number?
True
Is 2030392679 composite?
True
Is 12288907 a composite number?
False
Is 37289737 a prime number?
False
Is 9517619 a composite number?
True
Is 1914071 a composite number?
True
Is 486023 prime?
True
Is 232631879 a prime number?
False
Is 36494779 a composite number?
False
Is 14512109 composite?
False
Is 2401871 composite?
False
Is 21286997 composite?
True
Is 1992563 a prime number?
True
Is 59219249 a prime number?
False
Is 109699 a prime number?
False
Is 79654565 a prime number?
False
Is 13321003 a prime number?
True
Is 47808287 a composite number?
False
Is 187702909 a prime number?
True
Is 58893299 composite?
False
Is 25235437 prime?
False
Is 163947791 composite?
True
Is 1687537 a prime number?
False
Is 2182387 a composite number?
False
Is 3601231 a prime number?
False
Is 11379183 a prime number?
False
Is 189049193 composite?
True
Is 30601 a composite number?
True
Is 40884023 a prime number?
True
Is 26213657 a composite number?
False
Is 37065179 a composite number?
True
Is 14317243 a composite number?
True
Is 100968377 composite?
False
Is 2061951 a composite number?
True
Is 4652881 a prime number?
True
Is 89179513 a composite number?
True
Is 40829293 a prime number?
False
Is 8514619 prime?
True
Is 144083 composite?
True
Is 4812991 a composite number?
False
Is 3752459 a prime number?
False
Is 1053179 composite?
False
Is 14421617 composite?
True
Is 24720947 a prime number?
False
Is 555285778 composite?
True
Is 3081457 composite?
True
Is 2055713 composite?
True
Is 3192599 a composite number?
False
Is 46845691 composite?
False
Is 20172913 composite?
True
Is 7332167 prime?
False
Is 7013807 a prime number?
True
Is 109809311 composite?
True
Is 7508843 prime?
True
Is 13355743 prime?
True
Is 3704303 composite?
False
Is 13784993 a composite number?
True
Is 16179277 composite?
False
Is 302023 prime?
False
Is 1879351 a prime number?
True
Is 8064449 a prime number?
True
Is 138691549 a composite number?
True
Is 204379057 a composite number?
True
Is 172368109 composite?
False
Is 179580103 prime?
True
Is 97047187 prime?
False
Is 51883171 composite?
True
Is 151787431 a prime number?
False
Is 4021253 a prime number?
False
Is 6453331 a prime number?
False
Is 2389993 prime?
True
Is 32991617 prime?
True
Is 7391911 a prime number?
True
Is 4659619 a prime number?
True
Is 85258031 a composite number?
False
Is 414816061 composite?
True
Is 2073521 a composite number?
False
Is 4524713 prime?
True
Is 222652387 a composite number?
False
Is 5227514 a prime number?
False
Is 1150579 composite?
False
Is 5297177 prime?
True
Is 49865869 prime?
False
Is 42391103 composite?
True
Is 20219509 a prime number?
True
Is 1530589 a prime number?
True
Is 223999 a prime number?
True
Is 11462921 prime?
True
Is 25727651 a prime number?
True
Is 29510617 prime?
True
Is 6851437 a prime number?
True
Is 647351291 a prime number?
True
Is 81784811 composite?
False
Is 27047687 prime?
True
Is 17198117 a prime number?
False
Is 15467923 composite?
False
Is 6756361 a prime number?
False
Is 189877867 prime?
True
Is 5925383 a composite number?
False
Is 7931129 a prime number?
False
Is 48928987 composite?
False
Is 9755219 a composite number?
True
Is 185729821 a composite number?
False
Is 39248917 a prime number?
True
Is 16904591 composite?
True
Is 3894797 a prime number?
False
Is 6517493 prime?
False
Is 24217051 composite?
True
Is 248229187 composite?
True
Is 1482755 a prime number?
False
Is 3045067 composite?
False
Is 113715803 composite?
False
Is 6245189 a prime number?
True
Is 2691373 prime?
True
Is 498343 prime?
True
Is 8922899 a prime number?
False
Is 8652895 a composite number?
True
Is 102613909 prime?
True
Is 645683839 prime?
True
Is 23710573 prime?
True
Is 799059 prime?
False
Is 1758221 composite?
False
Is 2529829 a composite number?
True
Is 4188991 composite?
False
Is 10756283 a composite number?
False
Is 34962349 a prime number?
False
Is 200758 a prime number?
False
Is 9472487 a prime number?
False
Is 46013627 a composite number?
True
Is 9931343 a composite number?
True
Is 558887 a prime number?
False
Is 3717403 a composite number?
True
Is 22626839 prime?
True
Is 37098883 composite?
True
Is 825971 a composite number?
False
Is 15600979 composite?
True
Is 24768427 a prime number?
True
Is 10969313 prime?
False
Is 9175693 a composite number?
False
Is 130714201 composite?
False
Is 32170123 a composite number?
True
Is 3942431 a prime numbe